= -3*i + 2. Suppose -5*t = -4*t + 3*b - 1, t - 5*b + 15 = 0. Let g(s) = t*z(s) - 2*l(s). Give g(c).
-1
Suppose 2*p - 26 = 2*n, 3*n + 8 - 2 = 0. Let k = 213 + -208. Suppose k*u + 1 = p. Let w(h) = h**2 - 4*h. Calculate w(u).
-4
Let b(v) = -5*v + 33. Let w be b(6). Suppose -5*g - 8 = 3*s - 5*s, -w*g - 11 = 5*s. Let j(t) be the first derivative of 5*t**3/3 + t**2/2 - 2. What is j(s)?
4
Suppose 8*b - 83 + 51 = 0. Suppose -3*a - 16 = 9*v - 7*v, -b*a + v - 36 = 0. Let s(f) = -f**3 - 9*f**2 - 9*f - 3. What is s(a)?
5
Let j(y) = -y**2 - 4*y. Let s(z) = z**2 - 7*z + 8. Let v be 4/16 - 18/8. Let u be (-3)/v*(0 + (-8)/(-3)). Let b be s(u). What is j(b)?
0
Suppose 278 = -143*l - 30*l + 34*l. Let a(q) = -33*q + 1. Give a(l).
67
Let r(q) = -4 + 2*q**2 + 6*q + 1 - q**2. Let m be -14*(-5)/10 + -3. Let y(p) = -2*p**2 - 12*p + 5. Let w(h) = m*y(h) + 9*r(h). Give w(-6).
-7
Let s(n) = 2*n**3 + 4*n**2 - n - 2. Suppose 12 = 580*p - 592*p. Give s(p).
1
Suppose 0 = -2*r - 24 + 130. Let d(p) = 98 - 43 + p + 0*p - r. Determine d(-7).
-5
Let c(s) = -7*s**3 + 6*s**2 + 29*s + 91. Let p(q) = 31*q**3 - 20*q**2 - 117*q - 365. Let o(k) = -9*c(k) - 2*p(k). Determine o(16).
-9
Let t(p) = -p**2 - 6*p + 1. Suppose 21 = 2*s + 3. Let f be (-7 - -1)/(s/(-24)). Let a = f + -21. Calculate t(a).
6
Let x = 105 - 108. Let l = x + 10. Suppose -g = l*g - 48. Let y(b) = -b + 5. What is y(g)?
-1
Let y = 2 - 4. Let x(g) = -9 + 17 + 18 + 16 - 42 - 11*g. Determine x(y).
22
Suppose -894*g + 902*g = 8. Let j(f) = 7*f**3 + 5*f**2 - 6*f + 1. Give j(g).
7
Let t(h) = h**2 - 5*h + 1. Suppose 0 = 2*c + 3*a - 20, -61*c + 64*c + 5*a = 32. What is t(c)?
-3
Let h be 2/5*(-20)/2. Let m(l) = -5*l**2 + l + 5. Let k(x) = 14 - x + 4*x + 3*x - 14*x**2 - 3*x. Let q(r) = -4*k(r) + 11*m(r). What is q(h)?
19
Let g(w) = -3*w + 2. Let m(n) = 36*n - 2 - 72*n + 4 + 29*n. Let x(p) = 9*g(p) - 4*m(p). Calculate x(-8).
2
Let x(m) = -6*m + 29. Let n be 74/14 - (-24)/(-84). Let v be x(n). Let i(y) = 5*y**2 - 1 - 1 + 3 + 5*y**2. What is i(v)?
11
Let d(w) = -7*w**3 - w**2 - 6*w - 4. Let q(r) = -r**3 - r**2 - 13*r - 31. Let y be q(-2). Calculate d(y).
8
Let g be 72/330 + (-4)/10 + 2034/(-2486). Let j(c) = 42*c**3 - c**2 + c + 1. What is j(g)?
-43
Let b(h) = h**3 - 6*h**2 - 8*h + 8. Suppose -3*m = -a, -m + 2*a = m + 4. Let k be m + -3*(-183)/9. Let w = -55 + k. What is b(w)?
1
Let b(h) be the second derivative of 1/2*h**2 + 0 + 1/2*h**3 - 14*h. Let u be 1/(-4)*64/(-8). What is b(u)?
7
Let q(g) be the third derivative of 5*g**4/24 - 49*g**3/2 + 9*g**2 - 3*g + 13. Give q(28).
-7
Let s be (12/16)/((((-3)/4)/(-1))/(-3)). Let k(l) = l**3 + 3*l**2 - 16*l - 41. Determine k(s).
7
Let s = 7 - 0. Let t = 201 - 116. Let d(u) = -t*u**2 + 42*u**2 + 42*u**2 + 5*u. What is d(s)?
-14
Let a = -279/452 + 98/113. Let i(l) be the first derivative of 13*l + 11/3*l**3 + a*l**4 + 1/2*l**2 + 9. Give i(-11).
2
Let i(r) = -2*r**3 + 3*r**2 + 8*r + 2. Let q be i(-2). Let y(n) = -3*n - q*n**2 - 6*n**3 + 8*n**2 + 5*n**3 + 2*n**2. Let l be 2/(-8) - (-22)/(-8). What is y(l)?
0
Let r be 0*(2/27 - ((-34502)/(-1404) - 25)). Let p(o) = 2*o**3 + o**2 - 48*o + 2. What is p(r)?
2
Let i(z) be the third derivative of z**5/30 + z**4/8 + 9*z**3 - 68*z**2. Let x(y) be the first derivative of i(y). Determine x(-7).
-25
Let m be (-3)/(-3 + 186/64). Let r = m - 32. Suppose -27 = 2*c + 5*u, r = -2*c + 4*u - 3*u - 9. Let o(p) = -p**3 - 5*p**2 + 5*p - 5. What is o(c)?
1
Let a(f) = 10*f + 15. Suppose 5*t = 8*t - u + 14, -5*u - 63 = 4*t. Calculate a(t).
-55
Let w(b) = 5*b - 20. Let x(h) = 3*h - 11. Let i = 12 - 16. Let r(c) = i*w(c) + 7*x(c). Determine r(0).
3
Let d(w) = -3*w + 14. Suppose 0 = 5*v - v - 20. Suppose 4*k = 3*k + v. Calculate d(k).
-1
Suppose 0 = -2*z + 4*x + 44, -3*z = 3*x - 335 + 287. Let q(m) = -m + 23. Determine q(z).
5
Let o(p) = 13*p - 4. Let y be o(1). Let j(s) = -219 - y*s + 4*s**3 + 209 + s - 3*s**3 - 7*s**2. Determine j(8).
-10
Suppose 5*z - 3*s + 125 = 0, -2*s - 50 = 2*z - 0*s. Suppose i - 24 = 2*i. Let x = z - i. Let r(l) = -5*l**2 - 1. Calculate r(x).
-6
Let a be 1/(-2) + 21/(-2). Let w(b) be the third derivative of -b**4/24 - 3*b**3 - 14176*b**2. Determine w(a).
-7
Let m be 48 - (-3)/(-5)*5. Suppose 4*l - 44 = -13*j + 10*j, -5*j - l + m = 0. Let c(r) = -r**3 + 8*r**2 + 9. Give c(j).
9
Let m(g) = -g**2 - g. Let d(y) = y**3 + 19*y**2 + 68*y - 50. Let l be d(-14). Suppose 5*o - 37 = 88. Let p = o + l. What is m(p)?
-12
Let s = -86 + 84. Let h(j) = 3*j + 3. Let d(b) = b**2. Let r(l) = s*d(l) + h(l). Calculate r(4).
-17
Let i(b) = b**3 + 0*b**2 - b**2 + 0*b**2 - 4. Suppose -4*u = 2*y - 2*u - 4, 0 = -2*u - 4. Let s be 0/y*(0 + (-2)/(-10)). Give i(s).
-4
Let d(g) = -4950*g + 2474*g + 1 + 2 + 2475*g - 5. Let o = 1 + 0. Suppose 7 - o = t. Determine d(t).
-8
Let d(u) = -u**3 + 2*u + 0 - 10*u**2 + 8*u**2 - 2. Let t = 19 + -46. Let i(g) = g**3 + 27*g**2 + g + 24. Let m be i(t). Determine d(m).
1
Let q(y) = 2*y + 28. Let i(a) = -a**2 + 33*a - 273. Let g be i(20). Give q(g).
2
Suppose v + 44 = -v. Let b(f) = 18 + 19 + f - 38. Let k(l) = -12*l + 5. Let z(c) = v*b(c) - 2*k(c). Give z(-10).
-8
Suppose 0 = -n + 5*k + 26, 0 = 4*n + 4*k + 14 + 2. Let f(p) = 3 - 3*p**2 - 2*p**2 - 3 + n. Let v(o) = -102*o + 2449. Let y be v(24). What is f(y)?
-4
Let g(i) be the third derivative of 13*i**4/24 + 2*i**3/3 + 30*i**2. Let j(b) = -3*b - 1. Let c(u) = -2*g(u) - 9*j(u). Determine c(3).
4
Let x be (-4)/(-6)*2*-6. Let z(t) be the second derivative of 1/20*t**5 - 1/3*t**3 - 7/2*t**2 + 65*t + 2/3*t**4 + 2. What is z(x)?
9
Let j(a) be the third derivative of -1/24*a**4 + 0 + 0*a - 7/2*a**3 - 138*a**2. Give j(0).
-21
Let k(n) be the third derivative of 1/12*n**4 + 18*n**2 - 4/3*n**3 - 1 + 0*n. What is k(8)?
8
Let s(j) = 79*j + 14. Let m(p) = -40*p - 7. Let u(h) = -7*m(h) - 3*s(h). Let x be u(0). Let n(d) = 2*d**3 - 15*d**2 + 8*d - 7. Determine n(x).
0
Let c(p) = p**3 - 15*p**2 - 4*p. Let h(s) = 5*s**3 - 43*s**2 - 11*s + 24. Let m(r) = -4*c(r) + h(r). What is m(-17)?
-61
Suppose -41*m = -22*m - 988. Suppose -40*r = -m*r - 12. Let y(o) = 24*o**3 - o**2 + o + 1. What is y(r)?
-25
Let n(u) be the second derivative of -u**4/6 + u**3/6 + u**2 - 2*u. Suppose -3*f + 13 = -5*z, 3*z - 20*f + 9 = -17*f. Determine n(z).
-8
Let h(b) = b**2 + 2*b - 11. Let n(k) = -2*k**2 + 20*k - 25. Let f be n(4). Suppose 2*u + f*u + 125 = 0. Give h(u).
4
Suppose -98*t + 490 = -28*t. Let o(i) = 30*i - 222. What is o(t)?
-12
Suppose 58*x = 4*s + 57*x - 38, 4*x = 4*s - 44. Let u(n) = -7*n + 18. What is u(s)?
-45
Let j(k) = k**3 - 10*k**2 - 12*k + 13. Let y be j(11). Let u = 40 - 20. Let r(m) = u*m + 13*m - 30*m. What is r(y)?
6
Let i be ((-55)/15 + 3)/((-14)/7). Let n(u) be the first derivative of -14 - i*u**3 + 5/2*u**2 + 4*u. Calculate n(4).
8
Let u(x) = -32*x**2 - 28 + 12*x**2 + 9*x + 51 + 18*x**2. What is u(11)?
-120
Let r(h) be the first derivative of -5*h**2/2 - 29*h + 1846. Determine r(-4).
-9
Let a(t) = t**2 - 3 - 3*t**2 - 153*t**3 + 154*t**3 - t. Suppose -63*y - 8 = -65*y - 2*k, 0 = -2*y + 5*k + 1. What is a(y)?
3
Let l(y) = y**3 + 14*y**2 + 15*y + 8. Suppose -5*k + 945 = -88*k - 134. Give l(k).
-18
Let u be (-3)/9*(-45)/(-6)*-6. Suppose -u = -2*a - 11. Suppose 3*c = -a*s - 0*s + 6, 0 = 5*c + 5*s - 10. Let z(b) = 5*b**2 - b - 2. Calculate z(c).
16
Let l(p) = 28*p - 1. Let x(r) = -15*r - 3. Let d(c) = 7*c + 2. Let f(y) = 5*d(y) + 3*x(y). Let b(n) = 8*f(n) + 3*l(n). What is b(-4)?
-11
Let n(h) = 5*h + 20. Let d(c) = 8*c + 46. Let u(p) = -6*d(p) + 14*n(p). Give u(2).
48
Suppose 0 = 4*o + 44 - 0. Let f(g) = 11*g + 729*g**2 - 728*g**2 + 253 - 515 + 263. What is f(o)?
1
Let l(d) be the first derivative of -1/2*d**2 - 7 - 10/3*d**3 + 0*d. Determine l(-1).
-9
Let s be (-6 - (-33)/2)*108/(-63). Let b(f) = f**3 + 18*f**2 + 3*f + 28. Calculate b(s).
-26
Suppose -y = x + 3, -4*x + 2*y + 1 = -23. Suppose 6 = -q + 4*q. Let z(n) = n**x + 133*n - 259*n + 6*n**q + 5 + 132*n. Calculate z(-5).
0
Let j(a) = -7 - a + 2*a + 9. Let i be (-2)/(-7) + 375/35. Suppose 2*v - i = -3. Give j(v).
6
Let v be (-10)/((-3 - -1) + 0). Suppose 5*r - 5*r = -v*r. Let b be -8*4/(-4) + r. Let g(k) = -k**3 + 7*k**2 + 8*k. Calculate g(b).
0
Let i(y) = -2*y**3 - 11*y**2 - 2*y + 14. Let n be ((8 - -3) + (-345)/45)*6/(-4). What is i(n)?
-1
Let j be (-